 p = -7 + 6. Let g be -394 + 2 - 2*p. Let y = -173 - g. Is y prime?
False
Let g(a) = 28*a**2 - 6 - 5*a + 5*a - 3*a. Is g(7) composite?
True
Let c(n) = -325*n**3 + 6*n**2 - 2*n - 4. Let y(v) = 326*v**3 - 7*v**2 + 2*v + 5. Let m(i) = -5*c(i) - 4*y(i). Is m(1) prime?
False
Suppose -4*t - t + 2 = 3*n, 0 = 2*t + 5*n - 16. Is ((-9)/t - -2)*14 prime?
False
Suppose 0 = -t + 539 + 248. Is t prime?
True
Let o(h) = -380*h + 20. Let u be o(6). Is u/(-8)*6/5 prime?
False
Let a(w) = 10*w**2 + 18*w + 53. Is a(-14) prime?
False
Suppose 3*h - h = 5*l - 3111, 0 = 3*l - 4*h - 1875. Suppose 5*r = l + 974. Is r a prime number?
False
Let f(j) = j + 9. Let y be f(-5). Is (-3)/(-12) + 1947/y prime?
True
Let z(x) = 22*x - 32 - 97*x - 110*x + 59. Is z(-4) a composite number?
True
Suppose -2*z + 18 = -32. Let o(d) = -1 + 1 + z*d - 9. Is o(8) a composite number?
False
Let y be (2/(-10) + 1)*5. Suppose -96 = -y*q + 40. Suppose 0 = h - q - 0. Is h a composite number?
True
Suppose s - 9 = 2*n, 2*s - 3*n - 16 = -2*s. Let j be (-3)/(-6)*1306 - s. Let q = j - 389. Is q a composite number?
False
Let p = -908 + 2305. Suppose 2*d - p = d. Is d prime?
False
Is 2208 - ((-2)/2 - 4) composite?
False
Let m = 44 - -147. Is m a composite number?
False
Let n = -9 + 11. Suppose 209 = t - n*r + 31, 3*t - r - 534 = 0. Suppose 0 = o + o - t. Is o a composite number?
False
Let t be -2 + (7 - -5) + -5. Suppose -312 + 32 = -2*q. Let o = q + t. Is o a prime number?
False
Let h be (0 - -1 - (-2)/2) + 4. Let j(q) = 4*q**2 - 29. Is j(h) a composite number?
True
Let l(d) = 375*d**2 - 17*d - 41. Is l(-6) prime?
False
Let u = 2802 + -1286. Suppose -6*n = -2*n - u. Is n prime?
True
Suppose -89*n = -78*n - 210793. Is n prime?
True
Suppose -3*r - 714 = -4*p - 2909, -4*r + 1648 = -3*p. Is 3/((-4)/p + 0) a composite number?
True
Let j = -57503 - -89130. Is j prime?
True
Let p be (-703)/(-95) - 6/(-10). Suppose 3 = b + 5*l + p, 0 = -2*b + 2*l + 2. Suppose 2*g - 348 - 1554 = b. Is g composite?
True
Is (((-6)/9)/(6/(-293886)))/2 a prime number?
False
Suppose -25*c + 83*c = 349682. Is c prime?
True
Suppose 270 = 5*w - 115. Let k be 8/(-14)*w/(-22). Suppose 2*c = k*m - 5*m + 226, m = 2*c - 226. Is c composite?
False
Suppose 9 = -5*f + 3*b, 12 = 2*f + 2*f + 4*b. Suppose -i - 2*y - 24 + 175 = f, i = -4*y + 145. Is i composite?
False
Let d be (-17 - 1)*(-1)/3. Suppose d*l - 4*l = -5*c + 14411, -2*c - l = -5765. Is c composite?
True
Let x(z) = -4626*z + 11. Is x(-1) composite?
False
Let h be 63/9 - 6/2. Suppose -p - 805 = -3*f, -h*p - 6*f - 3252 = -2*f. Let m = p - -1368. Is m composite?
False
Let i(q) = 37*q - 88. Is i(17) composite?
False
Let l = -6821 - -11860. Is l composite?
False
Let y be 781 - 2/2*3. Suppose -4*h = 214 - y. Is h prime?
False
Let o be -4*(-2)/5*10/16. Is (0 - 0) + o - (0 + -1261) a prime number?
False
Suppose -19*o + 122225 - 40924 = 0. Is o prime?
False
Let n be 1 + (-1)/(1/82). Let z = 128 + n. Is z a composite number?
False
Suppose -3*w + 3 = 2*j - 4, -4*w = 2*j - 6. Suppose 275 + 10 = j*p. Suppose 2*q = -q + p. Is q a composite number?
False
Suppose -2*f = -h + 495, 5*h - 1477 = 2*h - 2*f. Is h a composite number?
True
Suppose 10*f - 27*f = -595. Suppose -x = 4*a - 61, 3*a + 5*x = -2*a + 65. Let b = f - a. Is b composite?
False
Suppose -3*g - h = 4317 + 297, 5*g + 7690 = 5*h. Is 2 + g/(-2) - 2 a prime number?
True
Suppose -2*y + 15 = 3*y. Suppose 3*x + 108 = y*p, 0*p - 3*p + 104 = -2*x. Suppose -p + 10 = -k. Is k a prime number?
False
Suppose -6*w + 4 = -2*w. Let p = w + -1. Suppose -9*k + 4*k + 385 = p. Is k a prime number?
False
Suppose -2*u - 2 = 3*n, 0*u - 2*u = -5*n + 2. Let p be u + 0 + -101 - 0. Let z = 191 + p. Is z composite?
False
Let a(t) = 8*t - 1. Let k be a(-2). Let m = k + 17. Suppose 3*n + 3618 = 4*h + 8*n, m = -3*n - 6. Is h prime?
True
Let r be (-36)/(-17) + (7 - (-363)/(-51)). Let l = -7 + 9. Suppose -l*i + r*o = -0*i - 300, 0 = 5*i + 4*o - 741. Is i composite?
False
Suppose -15 = 3*o - 5*l, o - 3*l + 11 = 2. Suppose 6*q + 16755 = 5*f + q, -5*q + 10 = o. Is f prime?
False
Suppose -2*a + 7*a - 35 = 0. Let j be -2*1*a/14. Let b(o) = 20*o**2 + 2*o + 1. Is b(j) prime?
True
Suppose -d + 14184 = 4177. Is d a prime number?
True
Suppose i - 2*k - 5 = k, -5*k - 5 = 0. Suppose -i*h + 7*h - 615 = 0. Is h prime?
False
Let h(s) = s**3 - 12*s**2 + s - 1. Suppose f + 19 = 4*f + 4*y, 18 = f - y. Is h(f) composite?
False
Let a be (-44)/33 + 20/6. Suppose -1815 = -a*d + 295. Is d prime?
False
Suppose 3*k = -149 + 503. Let z = 2069 - 2134. Let p = z + k. Is p a composite number?
False
Let g(d) = -4926*d - 169. Is g(-11) a prime number?
False
Let w = -79 + 82. Suppose -3*r + 16 = o + r, -2*o + 5 = -r. Suppose -3*b + o*g + 389 = 0, 8*b - w*b = -3*g + 629. Is b a composite number?
False
Let p = -17 - -15. Let l be 9 + -6 + (-116 - p). Is (2/3)/((-2)/l) composite?
False
Let r(s) = -3*s**3 - s**2 - 17*s - 2. Let k be (-17 - 1) + (-10 - -14). Let t = k - -7. Is r(t) a prime number?
True
Let q(p) = -11*p**3 - 8*p**2 + 28*p + 4. Is q(-5) a prime number?
True
Suppose 0 = 2*d - 10, -g = -5*d + 4 + 19. Suppose 3*v = -g*c + 245, 7*v = 3*c + 2*v - 396. Is c composite?
False
Suppose -6836*p - 14971 = -6837*p. Is p prime?
False
Suppose 12 = 2*z - h, -3 - 9 = -5*z - 2*h. Suppose 28 = -3*k + 4*q - 7, -15 = -k - z*q. Is 3/k + (-5984)/(-40) a prime number?
True
Let g = -813 - -1705. Suppose 3*w = -w + g. Is w prime?
True
Let b = 1598 + -799. Is b prime?
False
Suppose 0 = -4*s + 12. Let m(g) = g - 6. Let w be m(s). Is (-2 + 0 - w) + 96 composite?
False
Let x(i) = -i**2 + i + 1. Let h be x(1). Let o be h*8/(-12)*-3. Suppose o*f = 5*l - f - 772, 0 = -3*f + 3. Is l a composite number?
True
Is -2*((-21)/(-49) + 69085/(-70)) a prime number?
True
Suppose 0 = 53*r + 31*r - 355068. Is r a prime number?
False
Let d(v) = -1342*v + 27. Is d(-1) prime?
False
Let y = 4728 - 2755. Is y a composite number?
False
Is 6/14 - 225060/(-434) composite?
True
Let n = 429 + 440. Is n a prime number?
False
Let y be (-15 + 0)*(-111)/(-6)*-2. Suppose 4*s = 265 + y. Is s a composite number?
True
Let i(a) = -1. Let s(z) = 108*z - 2. Let n = 8 + -5. Let b(j) = n*i(j) + s(j). Is b(2) prime?
True
Let g(t) = -2*t + 7. Let s(d) = -4*d + 15. Let z(x) = 5*g(x) - 2*s(x). Let m be z(0). Suppose 0*v - m*l = v - 127, -4*v + 508 = 4*l. Is v prime?
True
Is (-33 - -30)/(3/3511*-1) a composite number?
False
Suppose -b + 15111 = a + 3*b, -5*b = 25. Is a prime?
True
Suppose -5 = 4*z - 189. Let p = z + 13. Is p prime?
True
Suppose -2*h - 33 = -16*k + 11*k, 3*k - 7 = -2*h. Suppose -2*c + 5 + 3 = 0. Suppose 0 = -5*j + 5, 0*j - c*j = k*i - 639. Is i a prime number?
True
Suppose -2*a = 2*m - 7938, -2*m + 7*a + 7942 = 11*a. Is m a prime number?
True
Let n be 12/(-15)*820/(-8). Let o = n + 113. Suppose -272 - o = -m. Is m prime?
True
Let i = -17104 - -9759. Let u = -2426 - i. Is u a composite number?
False
Let f = 10 - -4. Suppose 0 = -2*x + f + 92. Let d = -16 + x. Is d a composite number?
False
Let b(c) = -c**2 - 5*c + 8. Let v be b(-6). Suppose 122 = 2*z + v*t, 0 = -4*t - 5 + 13. Is z prime?
True
Suppose 2*h + 2*v - 1724 = 0, 4*v + 625 + 1123 = 2*h. Is h + (-30)/(-15)*(-3)/2 a composite number?
False
Suppose -4*f = -0*f - 8. Let a(n) = -10*n**3 - 7*n**2 + 6*n - 4. Let k be a(-6). Suppose -2*l = f*l - k. Is l a composite number?
False
Let b(r) = 5 + r**2 + 93*r - 54*r + 60*r**3 - 44*r. Is b(2) prime?
True
Let y = -30373 + 63054. Is y composite?
True
Let s = -6917 + 11418. Is s prime?
False
Let u be 7651*(-22)/(-16) - 2/16. Let a = u - 6049. Is a a prime number?
False
Suppose -4*f + 3*o = 2, -4*f + 5*o + 14 = -6*f. Let g(n) be the third derivative of 19*n**5/15 - n**4/12 - n**3/6 - 23*n**2 - n. Is g(f) a prime number?
True
Suppose 4*n + 40 + 0 = 0. Is (1 - 0) + n + 128 a composite number?
True
Let p(y) = -4 - 10 - 2 + 2 + 45*y. Is p(11) a prime number?
False
Let c be 2/(-7) - (-6)/21. Suppose -3*w = -4*a - 3167, w + 2*w + 2*a - 3191 = c. Is w composite?
False
Let k(g) = -14*g**3 + 16*g**2 + 50*g - 3. Is k(-8) composite?
False
Let i(y) = -2*y**3 - 8*y**2 - 29*y - 11. Is i(-8) a composite number?
False
Let f(d) = 4*d**3 + 5*d**2 + d - 16. Is f(5) a composite number?
True
Is 17160 - (7 + -5 + -9) prime?
True
Let k = -702 - -995. Is k a prime number?
True
Su